y - 104022 = -19*y. Is y composite?
False
Let t(i) = 3834*i - 691. Is t(57) prime?
False
Suppose 2*n - 2*h - 64 = 0, 104 = 3*n - 0*h - h. Suppose n*q - 2525 = 31*q. Is q prime?
False
Suppose c = -h + 63034, 82 = -3*c + 97. Is h composite?
False
Let z(m) = 3*m**2 + 8*m + 17. Suppose -3*c + 2*c - 7 = 0. Let y = -5 + c. Is z(y) composite?
False
Let o(s) = 3*s**3 - 3*s**2 - 6*s - 1. Let v(f) be the second derivative of f**5/20 + f**4/2 + f**3 + 5*f**2 + 9*f. Let n be v(-5). Is o(n) composite?
False
Is -5 - 7 - -11 - (-1346 + 0) a prime number?
False
Let o(h) = 5 - 12*h + 4 - 1 + 3. Is o(-15) a prime number?
True
Let l(d) = -198*d + 35. Is l(-9) a prime number?
False
Let s(i) = 171*i**2 + 64*i - 527. Is s(8) a composite number?
True
Suppose 3*m + 104 - 1250 = 4*n, -2*n + m = 572. Let s = n + 166. Let x = s + 198. Is x prime?
True
Let v(g) = -14*g**3 - 2*g - 1. Let y be v(-1). Let n = -17 + y. Is 2 + (239 - 2) + n prime?
False
Suppose -6*n + 3*n - 12 = 0. Is ((-187)/3 + n)*-3 prime?
True
Let h(t) = 2*t + 11. Let s be h(-5). Let o(r) = 0 - 4 + s + 63*r + 20. Is o(10) prime?
True
Let b(r) = -5285*r + 202. Is b(-11) prime?
True
Let c = -4 + 9. Suppose 0 = -2*m + 3*n + 304 + 1402, 0 = -c*m - 4*n + 4265. Is m a composite number?
False
Suppose -29 = -4*h - 5*p, -6 = 2*h + 5*p - 33. Let j(c) = 869*c**3 - c + 1. Is j(h) composite?
True
Let d(a) = -378*a - 4. Let g be d(-2). Suppose 0 = 2*o + o + 2*i - 565, 4*o + 3*i = g. Is o composite?
False
Suppose 11*o - 211561 = 4*o. Is o prime?
True
Suppose -4*i = -1647 - 1505. Suppose 3*s - i = 910. Is -5 + 12/3 + s a composite number?
True
Suppose -8 = -3*v + 4, 5*p - 58151 = v. Is p composite?
True
Suppose 3*b = 3, 4*v + 5*b = 2*b + 11. Suppose -v*f + f = 0. Suppose 2*w - 10 - 488 = f. Is w a prime number?
False
Let l be -3 - (-7 + (-3 - 0)). Suppose 7*r = -4*o + 4*r + l, 2*o - 6 = -2*r. Is (o - -31)*(-2 + 19) a composite number?
True
Suppose 387 = 2*u + 5*f, 0 = -5*u + 3*f + 958 - 6. Is u prime?
True
Suppose 27 = -0*c + 3*c. Is (51/c)/(4/348) prime?
False
Let k = 53682 + -29711. Is k composite?
False
Let i be 57/21 - 1 - 6/(-21). Suppose -i*a - 145 = -837. Is a composite?
True
Let x be ((-2)/(-5) + 2443/105)*240. Suppose -2*k + x = 3*z, z = 2*k - 4*z - 5664. Is k a composite number?
False
Suppose 2*b + 0*b = 1154. Suppose 0*o - 127 = c - 5*o, 4*o + b = -5*c. Let w = c - -280. Is w a prime number?
True
Suppose -12 = -8*s + 20. Suppose -3*u - 1175 + 85 = -s*v, 4*v + 5*u = 1106. Is v prime?
False
Let o be ((-3)/2)/(3/(-2)). Let u be ((4 + -11)/o)/1. Is 297 + u + (-6)/(-2) a composite number?
False
Let n(s) = -14*s - 3. Let d be 6/36 - (-33)/18. Suppose 2*q - d = -4. Is n(q) a prime number?
True
Let m(f) be the first derivative of f**4/4 + 2*f**3 + f**2 + 8*f + 2. Let u be m(-8). Let p = u - -337. Is p a prime number?
False
Is 2/((-12)/(-9111))*(0 - -2) prime?
True
Let p(i) = 132*i + 2. Let o be ((-48)/4*1)/(-2). Let n be 1*3/o*2. Is p(n) a composite number?
True
Let v(j) = -2*j - 8. Let w be v(-4). Suppose 3*n + 0*n - x - 65 = 0, w = -2*n + 5*x + 26. Let k = n - 19. Is k a prime number?
False
Let h = 855 - -1556. Is h a prime number?
True
Let x(y) = -419*y - 25. Let i be x(-16). Let n = -3310 + i. Is n composite?
True
Suppose 0 = 3*g - 196521 - 68112. Is g a composite number?
False
Suppose 5*k = 5*c - 2*c + 165, 4*c - 92 = -2*k. Suppose a + 2*i - 13 = 0, 15 = 3*a + 2*i - k. Is a prime?
True
Suppose -9*c + 7*c + 7726 = 0. Is c a prime number?
True
Let h = 14 + -11. Suppose h*w = 8*w. Suppose 3*p - p - 2 = w, g - 5*p - 44 = 0. Is g prime?
False
Suppose -2*n = 3*n - 115. Suppose 3 = 2*c + 4*h + n, -3*h = -c + 15. Suppose b + c*b = 33. Is b a composite number?
True
Suppose 428 - 95 = v. Suppose -2*a + 91 + v = 0. Suppose 0*u + 4*u = a. Is u a prime number?
True
Is (34/51)/(10/45) a composite number?
False
Let j(s) = 550*s**2 - 21*s + 63. Is j(4) a composite number?
False
Is 1*51612/6 - (-5)/(-1) composite?
False
Suppose -4*z - 6013 = -21461. Is z a composite number?
True
Let o = -49 + 51. Is (99 - o)*(-1)/(-1) composite?
False
Let o(x) = 51*x**2 - 5*x - 6. Let y(t) = 50*t**2 - 6*t - 7. Let m(p) = 6*o(p) - 5*y(p). Let h be (-4)/1*24/48. Is m(h) a composite number?
False
Let u be 6*4/3 + 1. Let j be (u/(-12))/(3/(-84)). Is (1 - -2) + (j - -13) a prime number?
True
Suppose -6*x + 20153 = -x + 3*l, -2*x + l = -8059. Let o = x - 2781. Is o a composite number?
False
Let k(h) = h**3 + 10*h**2 - h - 1. Let d be (-15)/35 - (-67)/(-7). Let n be k(d). Suppose -4*c - 2485 = -n*c. Is c composite?
True
Suppose 4*o - 18 = 3*g, -5*o + 3*g - 10 = -31. Suppose 3*w + o*v = 1728, -w + 573 = -0*w + 4*v. Is w a composite number?
False
Let k(a) = -a**2 + 17*a - 54. Let t be k(10). Suppose -t*d = -4*d - 564. Is d prime?
True
Let q(y) = 4*y**2 - 2*y + 2. Let o be q(-2). Is o/(-3)*(-5970)/20 prime?
False
Let q = 66546 - -28141. Is q a composite number?
False
Let u(a) = 4*a**2 - 2*a - 1. Let q be u(-1). Let w(y) = q*y + 4 - 10 - y. Is w(4) prime?
False
Let b be ((-2)/3)/(2/3). Let f be (b - -1)/(-4) + 2. Is (1491/(-6))/(f/(-4)) a prime number?
False
Suppose 2*m - 27 + 15 = 0. Suppose -3*y = -m*y + 174. Is y composite?
True
Suppose -2*k - 4*a + 34 = 0, 3*a - 12 = -2*k + 24. Let f = k + 0. Suppose s = -3*j + 58, -2*s + f = -j + 2*j. Is j a composite number?
False
Suppose -7*k = -3*k. Suppose 4*i = 3*j - 2915, -2*i = 2*j - k*i - 1962. Is j composite?
False
Let k = 155 - 108. Suppose 0 = 5*j + 15, -h + 5*j = -k - 11. Is h a prime number?
True
Suppose 3*j - 17185 = -2026. Is j prime?
False
Suppose -120 + 1230 = 2*b. Suppose -4*x = -7*x + b. Let j = -70 + x. Is j prime?
False
Let b = -19 + 11. Let o = b - -6. Is 630/12 - o/4 a composite number?
False
Let m = 290 + -520. Let g(c) = -64*c + 921. Let y be g(8). Let i = y + m. Is i composite?
False
Let h be 1725/161 - ((-10)/(-14) - 1). Suppose -4*k = -3*k - 39. Suppose -5*x = -k - h. Is x composite?
True
Let d = -204 + 928. Suppose 4*b = -3*n - n + d, b = 4*n + 201. Is b a prime number?
False
Let q(f) = 396*f**2 - 12*f - 47. Is q(-4) composite?
False
Suppose 0 = -4*w + 5*p + 140984, 0 = -5*w - 3*p + 108712 + 67555. Is w a composite number?
False
Let q(s) = -594*s + 29. Is q(-2) prime?
True
Let v be (-180)/(-630) - 4/7*4. Is (-5 - (v + 2304))*-1 prime?
False
Let g(y) = y**2 + y - 1. Let n(q) = 22*q**2 - q + 1. Suppose t = -2*t - 9. Let u(m) = t*g(m) + n(m). Is u(3) prime?
True
Suppose 4*l + x - 3*x = 39902, 5*x + 39893 = 4*l. Is l a composite number?
True
Let u = 44 + -36. Is (-1486)/(-2) - u/2 composite?
False
Suppose -8*t + 286602 = -43454. Is t a composite number?
False
Suppose 0 = 3*y + 5*q - 2, 0*q + 4*q = -3*y + 4. Suppose y*i = -5*a + 33, i + 22 - 4 = 4*a. Suppose -3*k + i = -k, 2*g - 281 = 5*k. Is g composite?
True
Let u = 10 - -20. Suppose -d - 16 - u = 0. Let f = 177 - d. Is f prime?
True
Let p(d) = -2*d - 3*d - 5 + 6*d + 4*d**2. Let v(x) = 9*x**2 + 2*x - 10. Let j(k) = 14*p(k) - 6*v(k). Is j(6) a composite number?
True
Let b be (8/6)/((-6)/(-144)). Suppose -5*y = 2*m - 17, 0*y - 3*m = -4*y + b. Suppose -y*o = 837 - 4252. Is o composite?
False
Let p(k) be the third derivative of k**5/12 - 5*k**4/6 + k**3/6 - 18*k**2. Is p(14) composite?
False
Let r(j) be the third derivative of 119*j**6/60 + j**5/60 - j**4/24 + j**3/6 - 15*j**2. Is r(1) prime?
True
Is 40/60*(-2 + (2904 - 1)) composite?
True
Let a be (2/4)/(1/6). Let l(t) = -t + 3. Let j be l(a). Is (-2 + 39)/(j + 1) a composite number?
False
Let d = -810 + 2445. Let y = d + -982. Is y prime?
True
Let o be (-56)/308 + 12487/11. Suppose -2*x = -2*r + 2294, -r + 12*x + o = 8*x. Is r composite?
False
Suppose -7*a + 19029 + 18414 = 0. Is a a composite number?
True
Suppose -1 = m, -914 = -n + 5*m + 1116. Suppose -5*j + n = -0*c - 3*c, -25 = -5*c. Suppose 4*g - 4*k - 2008 = 0, -3*g - 4*k + 1098 = -j. Is g composite?
True
Suppose -3*z - 31 = -4*a, 22 = 4*a - a - 2*z. Let c(d) = 18*d**3 + 5*d**2 - d - 2. Let o be c(a). Suppose 4*u = -r + 3012, 5*u = 4*r - o + 4991. Is u composite?
True
Let o(f) = -5*f**3 - 9*f**2 - 7*f + 10. Let p be o(-8). Suppose 2*h + 2 = 0, -2*h - 3*h = -5*j + p. Is j composite?
False
Let j(f) = -f**2 + 8*f + 5. Let d be j(8). Let o be 58/18 - (-4)/(-18). Suppose z + 2*z = 6, o*z + 659 = d*i. Is i a composite number?
True
Let z(m) 